j. What is the greatest common divisor of n and 18?
9
Let v = 30 - 18. Suppose -748 = -4*j + 5*r, 4*j + r + 374 = 6*j. Let h = j - 103. Calculate the greatest common divisor of h and v.
12
Let f = 67 + -62. Suppose -9 - 46 = -f*s - b, -4*s + 44 = -b. Calculate the highest common divisor of s and 33.
11
Let d = 789 - 717. What is the greatest common divisor of d and 1?
1
Let q(x) = 11*x**2 - 7*x**3 + 2 + 3*x**3 + x + 3*x**3 + 3. Let r be q(10). What is the greatest common factor of 23 and r?
23
Suppose -20 = -5*i - 0, -220 = -4*q + 4*i. Let r = q + -55. Calculate the highest common divisor of 4 and r.
4
Let n = -4 - -84. Let c be (n/(-28))/((-6)/21). Let m(o) = -11*o - 2. Let d be m(-2). Calculate the greatest common factor of c and d.
10
Let y = -128 + 154. Let x be 4/(-18) + 317/9. Suppose -c + x = y. Calculate the highest common divisor of 72 and c.
9
Suppose -2*g = 2*y - 170, 0 = 3*y + y - 4*g - 340. Suppose y = 6*w - w. What is the greatest common divisor of 119 and w?
17
Suppose 4 = -6*b - 14. Let s = 37 - b. What is the highest common factor of s and 40?
40
Let i be (60/(-14))/(1/(-7)). Suppose -7*h = -2*h. Suppose 5*v + 4*m = 50, h = v - 4*v + 3*m + 30. What is the greatest common divisor of v and i?
10
Let w(z) = -50*z + 24. Let q be w(4). Let k be 2*1*q/(-32). Calculate the highest common divisor of k and 11.
11
Let j = -208 + 243. Suppose 16 = -4*x, -2*x = i + 3*x - 15. Calculate the highest common factor of i and j.
35
Let w(m) = 2*m**2 - 26*m - 20. Let p be w(14). What is the greatest common factor of p and 128?
8
Let i = -27 - -17. Let z be 5/((-25)/2) + (-634)/i. Suppose p + 5 = 3*j - 17, -3*p = -5*j + 38. Calculate the greatest common factor of z and j.
7
Let w(i) = i**3 - 15*i**2 - 10*i + 73. Let f be w(16). What is the greatest common divisor of 26 and f?
13
Let t(n) = 6*n**3 + 4*n**2 - n + 3. Let g be t(3). Let p be 27*1 + (10 - 18) + 3. Calculate the highest common factor of g and p.
22
Let z = -463 - -871. Let h be z/128*4 - (-1)/4. What is the greatest common factor of h and 104?
13
Let l = -9 + 15. Let o(n) = 3*n - 7. Let j be o(l). Let a = 683 - 672. What is the greatest common divisor of a and j?
11
Let j = 176 + -84. Let n be (-47 - -1)*(336/(-784) - 4/7). Calculate the highest common factor of n and j.
46
Suppose -2*n - 574 = -3*p - n, 3*p = 4*n + 586. Suppose 7*c - p + 29 = 0. Calculate the highest common divisor of 69 and c.
23
Let m = 12 - 27. Let p be 2/(-6)*m - 3. What is the highest common factor of 16 and p?
2
Let p(c) be the second derivative of c**4/4 - 5*c**3/3 - 13*c**2/2 + c. Let i be p(9). Calculate the greatest common factor of 20 and i.
20
Suppose -3*f + 295 = 4*q, -4*f - 2*q = -3*q - 368. Let u = f + -44. Calculate the highest common factor of 21 and u.
7
Suppose -13*v - 1503 = -5013. Calculate the greatest common divisor of v and 216.
54
Let c(k) = 6*k**2 + 2*k - 104. Let x be c(-11). Calculate the greatest common factor of 50 and x.
50
Let n be 350/49 - (-2)/(-14). Suppose 0 = -5*s + 862 + 378. Let j = s - 171. Calculate the highest common factor of j and n.
7
Suppose -15*o + 9207 = 16*o. Let v(s) = 8*s + 3. Let k be v(3). What is the greatest common factor of o and k?
27
Let i = 3125 + -2977. Let q(j) = -j**3 - j**2 + 3*j + 1. Let n be q(-4). What is the highest common divisor of i and n?
37
Suppose -60*s - 475 = -85*s. Let j = -68 - -202. Suppose 0 = 5*i + 25, 4*x + 4*i + j = 6*x. What is the greatest common divisor of x and s?
19
Let a = -29 + 19. Let o be a/(-25) - 1794/(-15). Calculate the highest common factor of o and 24.
24
Let g = 6 - -9. Suppose 3*s - 21 - g = 0. Suppose 4*i - 3*i = -5*f + s, 5*i - 80 = -5*f. What is the greatest common factor of 153 and i?
17
Let n = 13 + 20. Suppose 0 = 3*h - n. Suppose 3*d - 2*d - 55 = 0. What is the greatest common factor of h and d?
11
Let y(k) = k**3 - 10*k**2 - 25*k - 3. Let s be y(12). Let d = 26 + s. Calculate the greatest common divisor of d and 33.
11
Let u = -229 + 409. Calculate the greatest common divisor of 40 and u.
20
Let n = -8 + 21. Let v(i) = 19*i**2 - 6*i - 2. Let b be v(3). Suppose b = r + 34. What is the highest common divisor of n and r?
13
Let n(r) = r**2 - r + 16. Let i be n(0). Let c be 2/(1/(-3)*-2). Suppose i = -d + c*d. Calculate the greatest common factor of d and 16.
8
Let t be 6/4 - (-14)/4. Suppose 69 = 3*h - 2*x - 0*x, t*h - 122 = x. Let o be 75/(-2)*(-20)/h. Calculate the highest common divisor of o and 10.
10
Suppose -92 + 7 = -5*c. Suppose 181 = -3*x - 230. Let p = x + 188. Calculate the greatest common factor of c and p.
17
Let p(w) = -16*w - 6. Let j be p(-3). Let y = -17 + j. What is the greatest common factor of 5 and y?
5
Let i = -42 - -44. Suppose 0 = -0*l + l - 3*p + 7, -2*p + i = -l. Calculate the highest common divisor of l and 8.
8
Let j = 5 + -16. Let f(i) = 7*i + 27. Let y(k) = -2*k - 9. Let c(a) = j*y(a) - 4*f(a). Let m be c(-4). Calculate the greatest common factor of 45 and m.
15
Let t = -16 - -20. Suppose -t*p = -3*m + 367, -2*m + 7*m + 3*p - 631 = 0. Calculate the highest common divisor of m and 50.
25
Let r(q) = q**2 - 7*q + 13. Let v(d) = -d**2 + 7*d - 13. Let c(j) = -5*r(j) - 6*v(j). Let h be c(11). What is the greatest common factor of 19 and h?
19
Let x(s) = -s**3 - 2*s**2 - 5*s - 5. Let r be x(-2). Suppose 0 = 3*b + 55 - 22. Let q be (-222)/(-11) - (-2)/b. Calculate the highest common factor of q and r.
5
Let y be 960/18 + 3/(-9)*-2. Calculate the highest common factor of 72 and y.
18
Suppose -17*b = -48 + 14. Suppose -t + 6 - 3 = 0. Suppose b*n + 3*u + 2*u = 2, t*u = -4*n + 32. What is the highest common divisor of n and 55?
11
Let s = 3 + -1. Let p be ((-68)/(-8) - s) + (-2)/4. What is the greatest common divisor of 42 and p?
6
Let a(v) = 2*v - 10. Let n be a(6). Let o be 4 - 1*(n + -8). Calculate the highest common factor of o and 70.
10
Let y(p) = -p**3 - 8*p**2 - 22*p - 5. Let m be y(-7). Suppose 4*z - 14*z + m = 0. Calculate the highest common divisor of 50 and z.
10
Let f be 1 - -94 - (4 - 10 - -10). Calculate the greatest common factor of f and 14.
7
Let h = 180 + -169. Let z = 52 + -19. Calculate the highest common divisor of h and z.
11
Suppose 5 + 15 = 2*l - 2*v, 0 = -l - 2*v + 25. Let m = -79 + 71. Let r be 6*((-28)/m - 1). What is the highest common divisor of r and l?
15
Let h be (10/4)/(2/4). Suppose y - 14 = 31. Suppose 75 = 3*c - y. Calculate the highest common divisor of h and c.
5
Suppose -6*a = -2*a - 116. Let i = -15 + a. Suppose 0*j - 140 = -5*j. What is the greatest common divisor of i and j?
14
Suppose -3*r - 293 = -860. What is the greatest common factor of 84 and r?
21
Suppose 0 = 6*q - 22*q + 80. Suppose q*t + 16 = -b - 3, 4*t + 38 = 3*b. Calculate the greatest common divisor of b and 48.
6
Let f be (66/(-5))/(3/(-10)). Suppose 0 = 3*q + 2*q - 2*o - 322, 4*o = 2*q - 116. Calculate the greatest common divisor of f and q.
22
Suppose 0 = c + 5, -2*m + 4*c - c + 565 = 0. Suppose -g + 15 + 10 = 0. What is the highest common factor of g and m?
25
Suppose -118 + 18 = -10*h. What is the greatest common factor of 160 and h?
10
Let h(n) = 5*n - 12. Let q(c) = -4*c + 12. Let s(f) = 3*h(f) + 4*q(f). Let i be s(-10). Calculate the highest common factor of 242 and i.
22
Suppose -6*b + 47 = -127. Calculate the greatest common factor of 1 and b.
1
Suppose n - 11 = -5*q + 14, -3 = 3*q. What is the greatest common divisor of n and 405?
15
Let c be 4/((-5)/((-5)/(-2))). Let x be (35/(-2))/(c/4). Suppose 2*v + 39 = 5*u, 4*v = -v - 10. What is the greatest common factor of x and u?
7
Let g(u) = -17*u + 179. Let o be g(9). Calculate the greatest common divisor of o and 65.
13
Let l(x) = x**2 - 6*x - 13. Let r = -11 + 20. Let w be l(r). What is the highest common factor of 56 and w?
14
Let c = 336 + -161. Let i be 10*(-20)/(-16)*2. What is the greatest common factor of c and i?
25
Let p = -2235 + 2246. Suppose 0 = 3*v + 5*x + 91, -3*v + 3*x = 22 + 53. Let u = 49 + v. Calculate the greatest common divisor of u and p.
11
Let w(t) = 2*t**2 + 17*t - 245. Let z be w(-21). Calculate the highest common factor of 30 and z.
10
Let c = -335 + 607. What is the greatest common divisor of c and 16?
16
Let s(d) = -2*d**3 + 4*d**2 - 3*d - 5. Let z be s(-5). Let r be 81/2 - 6/12. Calculate the highest co